be n(u). What is the remainder when 9 is divided by 3/(-2*w/(-30))?
4
Let n = 16 + -11. Suppose 175*l - 34 = b + 180*l, 2*l = -3*b + 2. What is the remainder when b is divided by n?
1
Let r(m) = -2*m**3 - 4*m**2 - 6*m - 7. Let z be r(-2). Suppose z*y - 3*h - 172 = 0, 0*h + 100 = 3*y - 5*h. Calculate the remainder when 164 is divided by y.
24
Let s = -132 - -227. Let j = 22838 - 22804. What is the remainder when s is divided by j?
27
Suppose -2*b = -6, -30 + 3 = -u + 3*b. Calculate the remainder when 3993 is divided by u.
33
What is the remainder when 1353 is divided by (6 - (-160)/(-24)) + 17935/51?
300
Let a(y) = 2*y**2 - 12*y - 10. Suppose 2 = -l - 5*c, 4*l = -5*c + 11 + 11. Calculate the remainder when 107 is divided by a(l).
19
Let v = 1592 - 1190. What is the remainder when 820 is divided by v?
16
Let h(w) = w**3 + 12*w**2 - 22*w + 13. Suppose 18*o + 149 = -85. Calculate the remainder when h(o) is divided by 11.
9
Suppose 9*p + 37203 + 741 = 0. What is the remainder when 11/((-55)/p) + (-1)/5 is divided by 18?
15
Suppose -7*g + 5*g + 75 = -255. Calculate the remainder when g is divided by 27.
3
Suppose 0 = -z - 3*m + 8, 6 = -2*m - m. Suppose -40*i - 240 = -45*i. Suppose -6*y = -186 - i. Calculate the remainder when y is divided by z.
11
Suppose -4*u + 626 = -3*v, 0 = 17*u - 15*u + 2*v - 278. Suppose -160 = -4*m - 2*a, 3*m + 2*a = m + 78. Calculate the remainder when u is divided by m.
26
Suppose 4 = 3*z - 44. Let n(i) = 77*i + 11127. Calculate the remainder when n(-136) is divided by z.
15
Suppose -8050 - 1625 = -16*q + 7*q. What is the remainder when q is divided by 72?
67
Suppose -80*m + 31*m + 980 = 0. Calculate the remainder when 98 is divided by m.
18
Let x = 7061 + 5504. What is the remainder when x is divided by 71?
69
Suppose -124 = -2*z - 4*m, 3*m = -2*z - 2*m + 128. Let a = 359 + -357. Suppose 12 = -a*k + 54. What is the remainder when z is divided by k?
12
Let s be (-16)/(-56) + 104/28 + -2. Suppose 3*m = 2*p - 794, m = s*p + 197 - 987. Calculate the remainder when p is divided by 33.
31
Suppose 0 = 4*p - 226 - 42. Let i = -4 + p. Suppose -2*t - 5*c + 67 = 0, -t - 19*c + 23*c - 25 = 0. What is the remainder when i is divided by t?
8
Let p(q) = -15*q + 20. Let w be p(1). Let b(z) = z**3 - 13*z + 3. Calculate the remainder when b(w) is divided by 17.
12
Suppose 0 = -18*c + 17*c + 5. Suppose 4*l = t + c*l - 10, -t = 3*l. Suppose 6*g + t = 183. What is the remainder when g is divided by 5?
3
Suppose -2*o - 2*r + 389 + 187 = 0, -4*r = -o + 298. What is the remainder when o is divided by (3 - (-30)/4)*4?
38
Suppose 93*k - 104*k = -1100. Suppose -600 = -k*v + 85*v. Calculate the remainder when 438 is divided by v.
38
Let v be 1*(10/(-10))/(2/(-14)). Suppose -v*n + 29 + 41 = 0. Suppose -3*c = -0*c + 12, 0 = 2*h + 3*c - n. Calculate the remainder when 40 is divided by h.
7
Suppose -150 = 5*g + p, -3*p = -g - 23 + 9. Let j = g - -155. Calculate the remainder when j is divided by 34.
24
Let f(l) = 16*l + 131. Let c be f(-8). Calculate the remainder when c/((4/(-86))/(8/(-12))) is divided by 4.
3
Let j be ((-1)/3)/(-6*(-8)/(-144)). What is the remainder when j*12/(-78) - (-23352)/26 is divided by 53?
50
Calculate the remainder when 2312 is divided by (0 - 20/(-30))*(161 + -11).
12
Let q(j) = -j**3 + 3*j**2 + 10*j + 5. Let s be q(5). Let p = 6 - s. Let n(f) = 14*f**3 + f**2 - 2*f + 2. What is the remainder when 24 is divided by n(p)?
9
Let w = -2001 - -1957. Let f be 2/(-4)*4*24. Let v = w - f. Calculate the remainder when 14 is divided by v.
2
Suppose 1416 = -3*k + l, 3*k + l + 103 + 1319 = 0. Let u = k - -681. Let d(g) = g**3 + 8*g**2 - 3*g - 3. What is the remainder when u is divided by d(-8)?
19
Suppose 1071 + 5001 = 66*f. Calculate the remainder when f is divided by 21.
8
Let g = -51 - -108. Suppose -a + 2*s = 3*a - 24, -2*s = 5*a - 12. Calculate the remainder when g is divided by a.
1
What is the remainder when 577 is divided by (192 - -8) + -2 + 20?
141
Let a be 11/((9 - 2) + -6). Let o be (-60)/(-14) + 8/(-28). Suppose -a = -o*f + 1. Calculate the remainder when 9 is divided by f.
0
What is the remainder when (-9 + (-396)/(-20) + -10)*1825 is divided by 86?
84
Let h be ((-6)/4)/((-5)/(-3 + 13)). Suppose 0 = -4*k + a + 1070, -3*a = -3 - h. What is the remainder when k is divided by 9?
7
What is the remainder when 3594 is divided by (72/(-15) - -5) + (-9285)/(-75)?
122
Calculate the remainder when (-18)/2*(-42)/2268*14172 is divided by 131.
4
Suppose -4*q + 19232 = 4*x, 8*q - 20*q - x + 57619 = 0. Calculate the remainder when q is divided by 1198.
9
What is the remainder when 1342 is divided by 8/14 + (-26901)/(-343)?
78
Let b = -91 - -134. Let l(h) = 6765*h + 40615. Calculate the remainder when b is divided by l(-6).
18
Let k = 34 + -17. Suppose 3*q - 2*g - 58 = 0, -128*q + 129*q + 3*g - 45 = 0. What is the remainder when q is divided by k?
7
Let b(n) = -155*n + 1092. Let i = 74 + -47. What is the remainder when i is divided by b(7)?
6
Suppose 24*d - 375 + 87 = 0. Let h(a) = a**3 - 11*a**2 - 3*a + 56. What is the remainder when h(d) is divided by 33?
32
Let m(j) = -j**3 - 7*j**2 + 6. Let k be m(-7). Let y(r) = 7*r - 17. Let q = 43 + -29. What is the remainder when y(k) is divided by q?
11
Let h = 1696 - 1069. Suppose -132*m + 130*m + j + 42 = 0, 0 = -3*j. What is the remainder when h is divided by m?
18
Suppose 13 = 2*l - 191. Let d be 16/24 - 939/(-9). Suppose j + 84 = 4*h, 0 = 5*h + 30*j - 32*j - d. What is the remainder when l is divided by h?
18
Suppose 5*p - p = -t + 33, 13 = t - p. Suppose 4*d - t - 3 = 0. Calculate the remainder when 55 is divided by 3*(10 - d) + 1 + -1.
10
Suppose -4*y - 3 = -u, 4*u + 93 = -4*y - y. Let d(b) = -b**2 - 16*b + 28. Calculate the remainder when ((-45)/3)/((-6)/8) is divided by d(u).
9
Let b = 59 + -36. Let f(d) = -d**3 - 5*d**2 + d + 9. What is the remainder when b is divided by f(0)?
5
Suppose 0 = 4*d + w - 3*w - 862, 3*d = w + 645. Suppose -v + d = 5*a - 2*v, 2*v + 92 = 2*a. What is the remainder when 49 is divided by a?
7
Let f = -10362 - -10445. Calculate the remainder when 1619 is divided by f.
42
Let t = 1971 - 1748. What is the remainder when t is divided by 14?
13
Suppose -5*b + 39 = 2*h - 47, -2*b = -4*h + 220. Suppose -o = 3*i - h + 5, 0 = -5*i + o + 80. Calculate the remainder when 48 is divided by i.
0
Let t = 1725 + -1215. Calculate the remainder when t is divided by 40.
30
What is the remainder when 3483 is divided by (9 + (-2548)/(-13))*((-12)/(-4) - 2)?
203
Let v(z) = z**3 + 70*z**2 + 67*z + 118. What is the remainder when v(-69) is divided by 56?
32
Suppose 9*f + a - 100109 = 125150, 0 = -f - a + 25035. Calculate the remainder when f is divided by 103.
102
Let d be -20*(0 + 2)/(-8). Suppose -d*p - 30 = -5. What is the remainder when 37 is divided by ((-133)/(-70)*2)/((-1)/p)?
18
Suppose 4*n = 25*i - 20*i + 4269, 2*n + 3*i = 2129. What is the remainder when n is divided by 320?
106
Let d = 26 + -14. Suppose 38 - 687 = -11*s. What is the remainder when s is divided by d?
11
Let k(m) = 4*m - 154. Let y be k(42). Suppose -7*d + y = -189. What is the remainder when 230 is divided by d?
27
Suppose -21 - 9 = -6*w. Suppose -2*s = w*v + 6 - 97, -5*v = -5*s + 210. What is the remainder when s is divided by 31?
12
Let c = 95 - 63. Let d = 2 + -8. What is the remainder when c is divided by (-3 + 2)*(d + -5)?
10
Suppose 2184 = 69*u - 63*u. Suppose -2*d + 151 = -r, -7*d + 12*d = -2*r + u. Calculate the remainder when 515 is divided by d.
71
Calculate the remainder when 7 - (-34 - -17 - -21 - (2063 - 0)) is divided by 39.
38
Let m = -38 + 73. Suppose -9*k = 2*k - 4 - 711. Calculate the remainder when k is divided by m.
30
Suppose 2*i - 7*h = -3*h - 68, -5*h = -5. Let o(t) = -t**2 - 34*t + 37. Calculate the remainder when o(i) is divided by 33.
2
Suppose 5*l - u + 33 = 0, 2*u = 3*l + 4*u + 12. Let k = -2 - -61. Calculate the remainder when k is divided by (50 - l)/4 + (-1 - 1).
11
Let v = -2893 + 3094. Calculate the remainder when v is divided by 29.
27
Suppose 2*r + 18*r = -4*r + 11016. Let b = -106 + 148. Calculate the remainder when r is divided by b.
39
Suppose 386034 - 594473 = -290*a + 1785311. What is the remainder when a is divided by 12?
11
Suppose -17*i + 19*i - 56 = 0. What is th